 of 24 - ((24 - 34) + 14)?
20
-3 - (67 + -70 - (-8 - 0))
-8
What is (3 - (1 - -9 - 4)) + 2?
-1
Evaluate 6 + -17 - (4 + 3 + -6).
-12
What is 8 + (-5 - (-5 - -15))?
-7
What is (4 - (-2 - (-6 - 0))) + 7?
7
Evaluate -10 + (-5 - -27) - (4 - -3).
5
Evaluate 22 + (32 + -39 - (-5 + -2)) + 0.
22
12 + 2 + -26 - -5
-7
What is (3 - 10) + 11 - -2 - (3 + 1)?
2
What is -11 + (29 - 3) + 4 - 10?
9
(8 + 2 - 9) + -15 + 14
0
Evaluate (-3 - (-6 - (-1 + -1))) + -18.
-17
Evaluate 0 - 4 - (-6 + 6) - -10.
6
-1026 - -989 - (0 + -17)
-20
What is 17 + (-9 - -18) + -16?
10
What is the value of 7 - (-12 - (10 - 15))?
14
What is 8 - (-13 + 1 - (65 - 92))?
-7
What is the value of -34 + 56 - (-1 + 14)?
9
Calculate (-71 - (-46 - 26)) + -1 + 13.
13
What is -5 + (7 - 0 - (151 + -131))?
-18
Calculate -14 + 20 - (10 + 0 - -1) - 4.
-9
What is the value of -4 + (9 - -6) + -6 + (2 - 7)?
0
What is -13 + (-32 + 31 - -37)?
23
What is the value of (3 - 1) + -14 + 14 + -6 + 1?
-3
(1 - (1 + 15)) + 15 + -31 + 22
-9
What is the value of 5 - (-2 + 21 + (32 - 15) + -24)?
-7
What is the value of -2 + -1 + 1037 + -1044?
-10
Evaluate -40 - (-1 - 14) - -33.
8
(-22 - -11) + 7 + -1 + -18 - -5
-18
Evaluate 0 - 12 - (-28 - (-10 - 8)).
-2
Evaluate 2 - -19 - (-259 + 269).
11
Evaluate 2 + -5 - (3 + 17 + -19).
-4
What is (-6 + -2 - -7 - -4) + 0 + 7?
10
What is the value of -33 - (10 + 7) - -18?
-32
Calculate 4 - (-13 - -10 - 1).
8
(-22 + 5 + -4 - 14) + 15
-20
What is (14 - (102 - 75)) + (0 - (9 + 1))?
-23
What is the value of 1 + 5 - (31 - (32 + -7))?
0
Evaluate (-1 - -23) + -171 + 148.
-1
Evaluate -8 + (29 - (6 + -2)) + -1.
16
1 + -19 + (-8 - -17)
-9
What is 11 + (-2 - 1) + (-9 - (0 - 10))?
9
Calculate 4 - 3 - (177 + -186).
10
Calculate (6 - (-8 + 10)) + 6 + -1.
9
Calculate (15 - 4) + -7 + 3 - -8.
15
What is 16 - (-23 + (5 - -36))?
-2
What is 7 + (-13 - -5) + (-10 - -4)?
-7
What is 20 + (-2 + 5 - -1 - (10 + -1))?
15
Calculate -4 + (-11 + 19 - 4).
0
Evaluate 2 + (-22 - -24) - -14.
18
What is the value of -9 + (2 - (5 - 4)) - (91 + -112)?
13
19 + -15 - (-1 + -2) - -6
13
What is -7 + ((-25 - -26) + (-4 - 0) - -1)?
-9
Evaluate -1 + (-11 - -22) - (-6 - -14).
2
What is 3 + (30 - 26) + -1 + -1?
5
12 + (-26 - -7 - -18)
11
What is the value of 1 + -4 + (0 + 4 - (-3 + 2))?
2
-4 - (-17 + 15 + -10 + -25)
33
Evaluate 108 + -102 + 0 + -7.
-1
What is the value of 10 + (-15 + 4 - -4) - (20 - 1)?
-16
What is the value of (-6 - 1) + 13 + 10?
16
Calculate -171 + 183 + (-2 - (-8 - -1)).
17
(-18 - -16) + 3 + -10
-9
Evaluate (-2 - 0) + 1 + (88 - 88) - -13.
12
Evaluate (20 - (12 + -11 + 6)) + -6.
7
What is -23 + -17 + 40 - (-1 - (26 - 3))?
24
6 - 9 - -2 - (-2 - -7)
-6
Evaluate (-5 - (-4 + 0)) + (72 - 74).
-3
What is the value of 14 + 8 + (-2 - (8 + 0 - 0))?
12
Evaluate 21 + -16 - -1 - -9.
15
Calculate -2 - -6 - (42 + 11 - 62).
13
Calculate (-1 - 0) + 183 + -184.
-2
Evaluate 9 - (-2 - -4 - -11).
-4
Evaluate 6 + (-5 + 18 - 29).
-10
Evaluate (1 + 2 - 0) + 6 + 1 + -6.
4
Evaluate (-5 - (10 - -15 - 12)) + 50.
32
Evaluate -2 + (-8 - 1) + 23 + -22.
-10
-8 - (-18 + 7) - 11
-8
Calculate 1 + (12 - 19 - ((17 - 10) + 8)).
-21
Evaluate (-8 - -2) + -2 + 10.
2
Calculate (1 - 2) + 36 + (-22 + 12 - 2).
23
What is the value of -3 + (-6 + 15 + 7 - 2)?
11
What is 14 + (-22 - -15) + (3 - 1)?
9
4 + -18 + -74 + 68
-20
Evaluate 4 - (-38 + 24 + 17).
1
(-4 + 2 - (2 - (-2 - 0))) + 16
10
-8 + 0 + (-1 - -8 - (6 + -22))
15
What is 7 + (-10 - 5) + 12 + (-1 - 0)?
3
10 + (-16 - 0) + -6
-12
Calculate 1 + 30 + 6 + -47.
-10
Evaluate 8 - -13 - 6 - (25 - 0).
-10
Calculate -7 + (7 + 0 + 9 - (-18 + 13)).
14
Evaluate 54 + (5 - 48) + -3 + -3 + 6.
11
What is 31 + -49 + -3 + 22?
1
What is the value of 1 + -5 - (52 - 21 - 54)?
19
What is the value of (41 - 33 - 5) + (2 - 25)?
-20
Evaluate -38 + 34 + -6 + -4.
-14
Evaluate 5 + 1 - 0 - (-2 - -3).
5
Calculate -50 + (-9 - -65) + -17.
-11
10 + (11 - 10) + 4
15
What is (16 - 6 - 1) + (-45 - -39)?
3
What is the value of (15 - 12) + 0 - (-2 + 1)?
4
What is (16 - (-1 + 6) - 3) + -5?
3
-6 + 0 + (-7 + 19 - 4 - 4)
-2
(0 - 0) + -65 + 74 - 2
7
Evaluate -7 + 10 + -36 + 28.
-5
Evaluate (-5 - (-6 + 5 + 0)) + -1 - -24.
19
Calculate 0 + -3 + -50 + 12 + 25.
-16
What is 3 + 7 - (-8 + -1 - -8)?
11
Calculate -6 + 0 + (-3 - 2) + (-25 - -32).
-4
Evaluate 12 + 2 + (-767 - -739).
-14
What is (2 - -13) + -11 - (12 + 2)?
-10
Calculate 22 - (-11 + 15 + 10 + (8 - 26)).
26
Calculate 35 + (-11 + -1 - (-13 - -2)).
34
(118 - 102) + (4 - -1)
21
Calculate -13 - ((-10 - -12) + -10 + 1).
-6
-12 - -34 - (26 - 10)
6
Calculate -6 + (-23 - (-23 + 10)).
-16
Calculate (-9 - 0) + (31 - 22) + 8.
8
Evaluate -38 - (-2 + -8 - 5) - 9.
-32
(45 - 54) + 2 + (-4 - -8)
-3
What is 3 + (13 - (3 + 4))?
9
6 + (3 - 6) + 12 - 34
-19
What is -11 - (-18 + (-2 - -22))?
-13
Calculate 11 - (-5 - (-5 - 0)).
11
Evaluate (7 + -32 - -6) + 22.
3
What is 5 + (-1 - -1) + (5 - -5) + -11?
4
Calculate -21 + -11 + 15 + 7.
-10
17 + (-2 - 0) + 939 + -938
16
Evaluate -1 + (6 - -1) - (-113 - -127).
-8
Calculate -8 + (-11 - (-9 - 0)) + 22.
12
Evaluate 9 - (22 + (17 - 42)).
12
Calculate 15 + (-52 + 8 - -19).
-10
What is the value of -1 - (12 + -4 + -14 + 6)?
-1
What is the value of (13 - 28) + 34 + -14?
5
Calculate -20 + (11 - (15 - 11)).
-13
(-10 - 0 - 0) + 0 - (-4 - -11)
-17
What is the value of -10 + (33 - (4 + 16))?
3
What is the value of -3 + 5 + -11 + 26 - 2?
15
What is -27 - -25 - (-1 - 5) - -6?
10
What is the value of (-1 - -1) + -4 - (109 + -108)?
-5
(-3 + 12 - 9) + 4
4
Evaluate 36 + -12 - (-1 - -38).
-13
Calculate -15 - (-7 - -13 - (-2 + 5 - -4)).
-14
What is 10 + 1 - (31 + -52 - -33)?
-1
Calculate 1 - 21 - -16 - (4 - 7 - -4).
-5
What is -6 - (8 - 4 - 1 - 9) - 9?
-9
(-4 - -1 - 2) + 130 + -128 + -9
-12
What is the value of (76 - 52) + (1 - 16)?
9
-1 + 14 + -28 + -1 + 7
-9
What is the value of (1 - (14 + -12)) + -14?
-15
-8 + (14 - (18 + (32 - 10)))
-34
What is 4 - ((-5 - -7) + 3 + 0 + 4)?
-5
18 + -12 + (-25 - -36) + -10 + 3
10
What is the value of 20 - (40 + (23 - 48)) - (-6 - -1)?
10
What is the value of -8 + -24 + -15 + 43 + (-1 - 2)?
-7
What is 12 - (-42 + 55 + 4 + -3)?
-2
Calculate (3 - (19 - 16)) + -2.
-2
What is (-13 + 25 - -2) + -11?
3
What is the value of 2 + 22 - (4 + 5 + 1 - 11)?
25
What is 10 - ((-24 - -7) + 11)?
16
Evaluate (-11 - -6) + -8 + 9.
-4
Calculate (6 + 24 - (11 - 1 - 2)) + -5.
17
Calculate -12 + (-22 + 7 - -11) + 44.
28
(5 - (37 + 14 + -25)) + 10
-11
What is the value of (2 + -2 + 3 - -3) + (37 - 47)?
-4
What is the value of 9 + (-46 + 39 + -35 - (-8 + 0))?
-25
Calculate 7 + 6 + (-1 - 15).
-3
Calculate 0 + -1 + 0 - (-2526 - -2509).
16
Calculate 4 + 1 - (35 - (-2 - -17)).
-15
What is the value of -33 + (21 + -8 - -6)?
-14
(0 - -4) + (-731 - -715)
-12
0 + -1 - (84 + -84) - (-1 - -7)
-7
Calculate -16 - (-4 - (-3 + 2 + 4 + -4)).
-13
Calculate (1 - (17 + -2)) + (454 - 457).
-17
-5 - ((4 - (-5 + 0)) + -20)
6
What is 0 + 13 + (-15 - 2)?
-4
What is the value of -2 + 5 + -3 + (1 - -4)?
5
143 + -133 - (3 - 0 - -6)
1
What is -1 - -1 - (3 - 18 - (6 + -13))?
8
3 + -9 + -1 + (1 - -4 - 2)
-4
1 - (-1 + 5 + -14 + 19)
-8
Evaluate (-11 + 13 + -8 - -11) + 10 + -2.
13
What is the value of -158 - -192 - (-6 - -76)?
-36
What is -4 + -1 + 11 + -6 + (-2 - -5)?
3
Calculate 6 + 3 + -16 + 32 - (-17 - -6).
36
What is the value of -1 - (6 + -1) - (-179 - -174)?
-1
Evaluate -10 - (2 - 3) - 2.
-11
-8 + 1 + 2 + -1 + -10228 + 10261
27
-13 + (-4 - (0 + -12)) - 9
-14
Evaluate -17 + 17 + -18 + 3.
-15
-5 - -1 - (0 + 6 - (33 - 13))
10
Calculate 0 + 0 + 18 + -14.
4
Evaluate 13 - (21 + -12) - 6.
-2
Evaluate 3 - (2 + -1) - (70 - (-25 - -98)).
5
What is the value of 16 - (5 - (-12 + -15))?
-16
Calculate -52 + 25 + (27 - -6).
6
Evaluate (4 - 4) + -1 + 1 - (23 - 24).
1
-18 - -6 - (10 - 22)
0
What is the value of -2 + 1 + 6 - ((1 - 2) + 0)?
6
What is the value of 13 - (-3 - (-16 + 0)) - (-1 - 9)?
10
Calculate (175 - 182) + (9 - 2).
0
What is -32 + -18 + 63 - -10?
23
3 - (4 + (-3 - -2)) - (147 - 145)
-2
What is -3 + 0 + 1 + -1 - (-143 + 130)?
10
Calculate 3 + 1 + 7 + (24 - 12 - 13).
10
What is the value of 215 + -194 - (0 - -5 - 1)?
17
What is the value of 0 + 14 + (-773 - -783)?
24
What is -309 - -314 - (19 - 1)?
-13
7 + (10 + -17 - (-2 - 0)) - 7
-5
What is the value of 3 - -8 - (9 + -12 + 8 - 2)?
8
-19 + 3 + 1 + 9